{"id":3,"date":"2021-04-26T10:46:51","date_gmt":"2021-04-26T10:46:51","guid":{"rendered":"https:\/\/horst-adler-kapelle.de\/?page_id=3"},"modified":"2025-12-16T16:26:06","modified_gmt":"2025-12-16T15:26:06","slug":"privacy-policy","status":"publish","type":"page","link":"https:\/\/horst-adler-kapelle.de\/?page_id=3","title":{"rendered":"Datenschutz+Impressum"},"content":{"rendered":"\n<pre class=\"wp-block-verse\"><strong> Wer sind wir<\/strong><br> Unsere Webseite ist: horst-adler-kapelle.de.<br> Inhaltlich Verantwortlich gem\u00e4\u00df \u00a7 55 Abs. 2 RStV: <br><br>Thomas Lang <br>c\/o flexdienst \u2013 #12153<br>Kurt-Schumacher-Stra\u00dfe 76<br>67663 Kaiserslautern<br>Deutschland<br><br>+49 177 2903209 <br>kontakt@horst-adler-kapelle.de <br><br><strong><br> Abmahnung, Haftung, Urheberrecht<\/strong>:<br><br> <strong>Keine Abmahnung \/ Unterlassungserkl\u00e4rung ohne vorherige Information<\/strong><br>Sollte  die Darstellung oder der Inhalt dieser Internetpr\u00e4senz gegen  gesetzliche Bestimmungen versto\u00dfen oder Rechte Dritter verletzen, so  informieren Sie uns bitte ohne Kostennote. Wir versichern Ihnen, dass  der betroffene Inhalt \u2013 sofern es sich um eine rechtm\u00e4\u00dfige Beanstandung  handelt \u2013 unverz\u00fcglich korrigiert bzw. entfernt wird, ohne das die  Beauftragung ein Rechtsanwaltes \/ Rechtsbeistandes Ihrerseits notwendig  ist. Sollten Sie uns dennoch eine Kostennote ohne vorherige Information  zustellen, wird diese vollumf\u00e4nglich zur\u00fcckgewiesen und wir behalten uns  vor, eine Gegenklage wegen Verletzung vorstehender Bestimmungen  einzureichen.<br><br><br><strong>Haftungsausschluss:<\/strong><br><br><strong>Haftung f\u00fcr Inhalte<\/strong><br>Die  Inhalte unserer Seiten wurden mit gr\u00f6\u00dfter Sorgfalt erstellt. F\u00fcr die  Richtigkeit, Vollst\u00e4ndigkeit und Aktualit\u00e4t der Inhalte k\u00f6nnen wir  jedoch keine Gew\u00e4hr \u00fcbernehmen. Als Diensteanbieter sind wir gem\u00e4\u00df \u00a7 7  Abs.1 TMG f\u00fcr eigene Inhalte auf diesen Seiten nach den allgemeinen  Gesetzen verantwortlich. Nach \u00a7\u00a7 8 bis 10 TMG sind wir als  Diensteanbieter jedoch nicht verpflichtet, \u00fcbermittelte oder  gespeicherte fremde Informationen zu \u00fcberwachen oder nach Umst\u00e4nden zu  forschen, die auf eine rechtswidrige T\u00e4tigkeit hinweisen.  Verpflichtungen zur Entfernung oder Sperrung der Nutzung von  Informationen nach den allgemeinen Gesetzen bleiben hiervon unber\u00fchrt.  Eine diesbez\u00fcgliche Haftung ist jedoch erst ab dem Zeitpunkt der  Kenntnis einer konkreten Rechtsverletzung m\u00f6glich. Bei Bekannt werden  von entsprechenden Rechtsverletzungen werden wir diese Inhalte umgehend  entfernen.<br><br><strong>Haftung f\u00fcr Links<\/strong><br>Unser Angebot  enth\u00e4lt Links zu externen Webseiten Dritter, auf deren Inhalte wir  keinen Einfluss haben. Deshalb k\u00f6nnen wir f\u00fcr diese fremden Inhalte auch  keine Gew\u00e4hr \u00fcbernehmen. F\u00fcr die Inhalte der verlinkten Seiten ist  stets der jeweilige Anbieter oder Betreiber der Seiten verantwortlich.  Die verlinkten Seiten wurden zum Zeitpunkt der Verlinkung auf m\u00f6gliche  Rechtsverst\u00f6\u00dfe \u00fcberpr\u00fcft. Rechtswidrige Inhalte waren zum Zeitpunkt der  Verlinkung nicht erkennbar. Eine permanente inhaltliche Kontrolle der  verlinkten Seiten ist jedoch ohne konkrete Anhaltspunkte einer  Rechtsverletzung nicht zumutbar. Bei Bekannt werden von  Rechtsverletzungen werden wir derartige Links umgehend entfernen.<br><br><strong>Urheberrecht<\/strong><br>Die  durch die Seitenbetreiber erstellten Inhalte und Werke auf diesen  Seiten unterliegen dem deutschen Urheberrecht. Die Vervielf\u00e4ltigung,  Bearbeitung, Verbreitung und jede Art der Verwertung au\u00dferhalb der  Grenzen des Urheberrechtes bed\u00fcrfen der schriftlichen Zustimmung des  jeweiligen Autors bzw. Erstellers. Downloads und Kopien dieser Seite  sind nur f\u00fcr den privaten, nicht kommerziellen Gebrauch gestattet.  Soweit die Inhalte auf dieser Seite nicht vom Betreiber erstellt wurden,  werden die Urheberrechte Dritter beachtet. Insbesondere werden Inhalte  Dritter als solche gekennzeichnet. Sollten Sie trotzdem auf eine  Urheberrechtsverletzung aufmerksam werden, bitten wir um einen  entsprechenden Hinweis. Bei Bekannt werden von Rechtsverletzungen werden  wir derartige Inhalte umgehend entfernen.<br><br> <strong>Kommentare<\/strong><br> Wenn Besucher  Kommentare auf der Website hinterlassen, erfassen wir die im  Kommentarformular angezeigten Daten sowie die IP-Adresse des Besuchers  und die Zeichenfolge des Browser-Benutzeragenten, um die Spam-Erkennung  zu unterst\u00fctzen.<br> Eine anonymisierte Zeichenfolge, die aus Ihrer E-Mail-Adresse  erstellt wurde (auch als Hash bezeichnet), kann dem Gravatar-Dienst zur  Verf\u00fcgung gestellt werden, um festzustellen, ob Sie sie verwenden. Die  Datenschutzrichtlinie des Gravatar-Dienstes finden Sie hier:  https:\/\/automattic.com\/privacy\/. Nach Genehmigung Ihres Kommentars ist  Ihr Profilbild im Kontext Ihres Kommentars f\u00fcr die \u00d6ffentlichkeit  sichtbar.<br><br><strong> Medien<\/strong><br> Wenn Sie Bilder auf die Website hochladen, sollten Sie das Hochladen  von Bildern mit eingebetteten Standortdaten (EXIF GPS) vermeiden.  Besucher der Website k\u00f6nnen Standortdaten von Bildern auf der Website  herunterladen und extrahieren.<br><br> <strong>Cookies<\/strong><br> Wenn Sie einen Kommentar auf unserer Website hinterlassen, k\u00f6nnen Sie  sich daf\u00fcr entscheiden, Ihren Namen, Ihre E-Mail-Adresse und Ihre  Website in Cookies zu speichern. Diese dienen Ihrer Bequemlichkeit,  damit Sie Ihre Daten nicht erneut eingeben m\u00fcssen, wenn Sie einen  weiteren Kommentar hinterlassen. Diese Cookies halten ein Jahr lang.<br> Wenn Sie unsere Anmeldeseite besuchen, setzen wir ein tempor\u00e4res  Cookie, um festzustellen, ob Ihr Browser Cookies akzeptiert. Dieses  Cookie enth\u00e4lt keine pers\u00f6nlichen Daten und wird beim Schlie\u00dfen Ihres  Browsers verworfen.<br> Wenn Sie sich anmelden, richten wir auch mehrere Cookies ein, um Ihre  Anmeldeinformationen und Ihre Auswahlm\u00f6glichkeiten f\u00fcr die  Bildschirmanzeige zu speichern. Anmelde-Cookies halten zwei Tage und  Cookies f\u00fcr Bildschirmoptionen ein Jahr. Wenn Sie \u201aAngemeldet bleiben\u2018  ausw\u00e4hlen, bleibt Ihr Login zwei Wochen lang bestehen. Wenn Sie sich von  Ihrem Konto abmelden, werden die Anmelde-Cookies entfernt.<br> Wenn Sie einen Artikel bearbeiten oder ver\u00f6ffentlichen, wird ein  zus\u00e4tzliches Cookie in Ihrem Browser gespeichert. Dieses Cookie enth\u00e4lt  keine pers\u00f6nlichen Daten und gibt lediglich die Post-ID des Artikels an,  den Sie gerade bearbeitet haben. Es l\u00e4uft nach 1 Tag ab.<br><br> <strong>Embedded content von anderen Websites<\/strong><br> Artikel auf dieser Website k\u00f6nnen eingebetteten Inhalt enthalten (z.  B. Videos, Bilder, Artikel usw.). Eingebettete Inhalte von anderen  Websites verhalten sich genauso, als h\u00e4tte der Besucher die andere  Website besucht.<br> Diese Websites sammeln m\u00f6glicherweise Daten \u00fcber Sie, verwenden  Cookies, binden zus\u00e4tzliches Tracking von Drittanbietern ein und  \u00fcberwachen Ihre Interaktion mit diesen eingebetteten Inhalten,  einschlie\u00dflich der Verfolgung Ihrer Interaktion mit den eingebetteten  Inhalten, wenn Sie \u00fcber ein Konto verf\u00fcgen und auf dieser Website  angemeldet sind.<br><br> <strong>Mit wem die Daten geteilt werden<\/strong><br> Wenn Sie ein Zur\u00fccksetzen des Passworts anfordern, wird Ihre IP-Adresse in die E-Mail zum Zur\u00fccksetzen aufgenommen.<br><br> <strong>Wie lange heben wir Ihre Daten auf<\/strong><br> Wenn Sie einen Kommentar hinterlassen, bleiben der Kommentar und  seine Metadaten auf unbestimmte Zeit erhalten. Auf diese Weise k\u00f6nnen  wir Folgekommentare automatisch erkennen und genehmigen, anstatt sie in  einer Moderationswarteschlange zu halten.<br> F\u00fcr Benutzer, die sich auf unserer Website registrieren (falls  vorhanden), speichern wir auch die von ihnen angegebenen pers\u00f6nlichen  Informationen in ihrem Benutzerprofil. Alle Benutzer k\u00f6nnen ihre  pers\u00f6nlichen Daten jederzeit anzeigen, bearbeiten oder l\u00f6schen (au\u00dfer  sie k\u00f6nnen ihren Benutzernamen nicht \u00e4ndern). Website-Administratoren  k\u00f6nnen diese Informationen auch anzeigen und bearbeiten.<br><br><strong> Welche Rechte haben Sie an Ihren Daten<\/strong><br> Wenn Sie ein Konto auf dieser Website haben oder Kommentare  hinterlassen haben, k\u00f6nnen Sie eine exportierte Datei der pers\u00f6nlichen  Daten anfordern, die wir \u00fcber Sie gespeichert haben, einschlie\u00dflich  aller Daten, die Sie uns zur Verf\u00fcgung gestellt haben. Sie k\u00f6nnen auch  verlangen, dass wir alle personenbezogenen Daten l\u00f6schen, die wir \u00fcber  Sie gespeichert haben. Dies schlie\u00dft keine Daten ein, die wir zu  administrativen, rechtlichen oder Sicherheitszwecken aufbewahren m\u00fcssen.<br> Wohin senden wir Ihre Daten<br> Besucherkommentare k\u00f6nnen \u00fcber einen automatisierten Spam-Erkennungsdienst \u00fcberpr\u00fcft werden. <\/pre>\n","protected":false},"excerpt":{"rendered":"<p>Wer sind wir Unsere Webseite ist: horst-adler-kapelle.de. Inhaltlich Verantwortlich gem\u00e4\u00df \u00a7 55 Abs. 2 RStV: Thomas Lang c\/o flexdienst \u2013 #12153Kurt-Schumacher-Stra\u00dfe 7667663 KaiserslauternDeutschland+49 177 2903209 kontakt@horst-adler-kapelle.de Abmahnung, Haftung, Urheberrecht: Keine Abmahnung \/ Unterlassungserkl\u00e4rung ohne vorherige InformationSollte die Darstellung oder der Inhalt dieser Internetpr\u00e4senz gegen gesetzliche <span class=\"read-more\"><a class=\"more-link btn btn-transparent\" href=\"https:\/\/horst-adler-kapelle.de\/?page_id=3\">Read More &#8230;<\/a><\/span><\/p>\n","protected":false},"author":1,"featured_media":0,"parent":0,"menu_order":0,"comment_status":"closed","ping_status":"open","template":"","meta":{"footnotes":""},"class_list":["post-3","page","type-page","status-publish","hentry"],"_links":{"self":[{"href":"https:\/\/horst-adler-kapelle.de\/index.php?rest_route=\/wp\/v2\/pages\/3","targetHints":{"allow":["GET"]}}],"collection":[{"href":"https:\/\/horst-adler-kapelle.de\/index.php?rest_route=\/wp\/v2\/pages"}],"about":[{"href":"https:\/\/horst-adler-kapelle.de\/index.php?rest_route=\/wp\/v2\/types\/page"}],"author":[{"embeddable":true,"href":"https:\/\/horst-adler-kapelle.de\/index.php?rest_route=\/wp\/v2\/users\/1"}],"replies":[{"embeddable":true,"href":"https:\/\/horst-adler-kapelle.de\/index.php?rest_route=%2Fwp%2Fv2%2Fcomments&post=3"}],"version-history":[{"count":5,"href":"https:\/\/horst-adler-kapelle.de\/index.php?rest_route=\/wp\/v2\/pages\/3\/revisions"}],"predecessor-version":[{"id":1295,"href":"https:\/\/horst-adler-kapelle.de\/index.php?rest_route=\/wp\/v2\/pages\/3\/revisions\/1295"}],"wp:attachment":[{"href":"https:\/\/horst-adler-kapelle.de\/index.php?rest_route=%2Fwp%2Fv2%2Fmedia&parent=3"}],"curies":[{"name":"wp","href":"https:\/\/api.w.org\/{rel}","templated":true}]}}